{"id":2126,"date":"2022-06-07T11:52:50","date_gmt":"2022-06-07T09:52:50","guid":{"rendered":"https:\/\/nicktesting.kinsta.cloud\/shopdiko1\/?post_type=product&#038;p=71"},"modified":"2024-12-05T10:46:36","modified_gmt":"2024-12-05T09:46:36","slug":"knot-yours-long-sleeve","status":"publish","type":"product","link":"https:\/\/22schneebergerf.bplaced.net\/?product=knot-yours-long-sleeve","title":{"rendered":"Kinder Schoko Bons Crispy 67g"},"content":{"rendered":"<h3>Kinder Schoko Bons Crispy:<\/h3>\n<p>Die Kinder Schoko Bons Crispy bieten eine spannende Variation der klassischen Kinder Schokobons. Statt der \u00fcblichen F\u00fcllung erwartet Sie hier eine faszinierende Kombination aus zarter, cremiger Schokoladencreme und einer s\u00fc\u00dferen, helleren Milchcreme. Diese delikate Mischung ist von einer knusprigen H\u00fclle umgeben, die eine subtile Note von Kakao mit sich bringt. Jede Portion der Kinder Schoko Bons Crispy ist einzeln verpackt, was den Genuss auch unterwegs erm\u00f6glicht.<\/p>\n","protected":false},"excerpt":{"rendered":"<p><strong>N\u00e4hrwerte:<\/strong><\/p>\n<ul>\n<li>Energie: 2246kJ \/ 537kcal<\/li>\n<li>Fett: 31,3g<\/li>\n<li>davon ges. Fetts\u00e4uren: 14,2g<\/li>\n<li>Kohlenhydrate: 55,4g<\/li>\n<li>davon Zucker: 48.4g<\/li>\n<li>Eiwei\u00df: 8,4g<\/li>\n<li>Salz: 0,6g<\/li>\n<\/ul>\n","protected":false},"featured_media":2189,"comment_status":"open","ping_status":"closed","template":"","meta":{"_seopress_robots_primary_cat":"none"},"product_cat":[58,57],"product_tag":[45,49],"class_list":{"0":"post-2126","1":"product","2":"type-product","3":"status-publish","4":"has-post-thumbnail","6":"product_cat-schokolade","7":"product_cat-snacks","8":"product_tag-summer","9":"product_tag-texture","11":"first","12":"instock","13":"featured","14":"shipping-taxable","15":"purchasable","16":"product-type-simple"},"_links":{"self":[{"href":"https:\/\/22schneebergerf.bplaced.net\/index.php?rest_route=\/wp\/v2\/product\/2126","targetHints":{"allow":["GET"]}}],"collection":[{"href":"https:\/\/22schneebergerf.bplaced.net\/index.php?rest_route=\/wp\/v2\/product"}],"about":[{"href":"https:\/\/22schneebergerf.bplaced.net\/index.php?rest_route=\/wp\/v2\/types\/product"}],"replies":[{"embeddable":true,"href":"https:\/\/22schneebergerf.bplaced.net\/index.php?rest_route=%2Fwp%2Fv2%2Fcomments&post=2126"}],"wp:featuredmedia":[{"embeddable":true,"href":"https:\/\/22schneebergerf.bplaced.net\/index.php?rest_route=\/wp\/v2\/media\/2189"}],"wp:attachment":[{"href":"https:\/\/22schneebergerf.bplaced.net\/index.php?rest_route=%2Fwp%2Fv2%2Fmedia&parent=2126"}],"wp:term":[{"taxonomy":"product_cat","embeddable":true,"href":"https:\/\/22schneebergerf.bplaced.net\/index.php?rest_route=%2Fwp%2Fv2%2Fproduct_cat&post=2126"},{"taxonomy":"product_tag","embeddable":true,"href":"https:\/\/22schneebergerf.bplaced.net\/index.php?rest_route=%2Fwp%2Fv2%2Fproduct_tag&post=2126"}],"curies":[{"name":"wp","href":"https:\/\/api.w.org\/{rel}","templated":true}]}}