{"id":2132,"date":"2022-06-09T09:44:36","date_gmt":"2022-06-09T07:44:36","guid":{"rendered":"https:\/\/nicktesting.kinsta.cloud\/shopdiko1\/?post_type=product&#038;p=405"},"modified":"2024-12-05T10:44:32","modified_gmt":"2024-12-05T09:44:32","slug":"aryana-lace-up-halter-top","status":"publish","type":"product","link":"https:\/\/22schneebergerf.bplaced.net\/?product=aryana-lace-up-halter-top","title":{"rendered":"Flipz Brezeln Cookies &#038; Cream"},"content":{"rendered":"<p>S\u00fc\u00df und salzig zugleich. Die leckeren Flipz Cookies &amp; Cream sind ein krosser Snack, der Lust auf mehr macht. Freuen Sie sich auf knackige Salzbrezeln, die mit einer s\u00fc\u00dfen Glasur \u00fcberzogen sind. Diese schmeckt nach Cookies and Cream und macht die knusprigen Leckerbissen einfach unwiderstehlich.<\/p>\n","protected":false},"excerpt":{"rendered":"<p><strong>N\u00e4hrwerte:<\/strong><\/p>\n<ul>\n<li>Energie: 2039kJ\/486kcal<\/li>\n<li>Fett: 20,2g<\/li>\n<li>davon ges\u00e4ttigte Fetts\u00e4uren: 15,4g<\/li>\n<li>Kohlenhydrate: 67,3g<\/li>\n<li>davon Zucker: 41,7g<\/li>\n<li>Eiwei\u00df: 8,2g<\/li>\n<li>Salz: 1,4g<\/li>\n<\/ul>\n","protected":false},"featured_media":2271,"comment_status":"open","ping_status":"closed","template":"","meta":{"_seopress_robots_primary_cat":"none"},"product_cat":[58,57],"product_tag":[44,45],"class_list":{"0":"post-2132","1":"product","2":"type-product","3":"status-publish","4":"has-post-thumbnail","6":"product_cat-schokolade","7":"product_cat-snacks","8":"product_tag-sport","9":"product_tag-summer","11":"first","12":"instock","13":"shipping-taxable","14":"purchasable","15":"product-type-simple"},"_links":{"self":[{"href":"https:\/\/22schneebergerf.bplaced.net\/index.php?rest_route=\/wp\/v2\/product\/2132","targetHints":{"allow":["GET"]}}],"collection":[{"href":"https:\/\/22schneebergerf.bplaced.net\/index.php?rest_route=\/wp\/v2\/product"}],"about":[{"href":"https:\/\/22schneebergerf.bplaced.net\/index.php?rest_route=\/wp\/v2\/types\/product"}],"replies":[{"embeddable":true,"href":"https:\/\/22schneebergerf.bplaced.net\/index.php?rest_route=%2Fwp%2Fv2%2Fcomments&post=2132"}],"wp:featuredmedia":[{"embeddable":true,"href":"https:\/\/22schneebergerf.bplaced.net\/index.php?rest_route=\/wp\/v2\/media\/2271"}],"wp:attachment":[{"href":"https:\/\/22schneebergerf.bplaced.net\/index.php?rest_route=%2Fwp%2Fv2%2Fmedia&parent=2132"}],"wp:term":[{"taxonomy":"product_cat","embeddable":true,"href":"https:\/\/22schneebergerf.bplaced.net\/index.php?rest_route=%2Fwp%2Fv2%2Fproduct_cat&post=2132"},{"taxonomy":"product_tag","embeddable":true,"href":"https:\/\/22schneebergerf.bplaced.net\/index.php?rest_route=%2Fwp%2Fv2%2Fproduct_tag&post=2132"}],"curies":[{"name":"wp","href":"https:\/\/api.w.org\/{rel}","templated":true}]}}